at is m(-5)?
-53
Let x(s) = -2*s**2 + 29*s + 273. What is x(-7)?
-28
Let q(b) = b**3 - 21*b**2 + 73*b - 7. What is q(17)?
78
Let h(s) = s**2 + 59*s + 480. Determine h(-49).
-10
Let v(f) = 3*f**3 + 126*f**2 + 447*f - 335. What is v(-38)?
7
Let a(q) = 57*q + 1530. Calculate a(-26).
48
Let d(q) = 5*q**2 - 186*q + 49. Determine d(37).
12
Let b(p) = -p**2 - 5*p - 36. Determine b(-3).
-30
Let y(u) = 11*u - 156. What is y(15)?
9
Let a(b) = 599*b + 6777. What is a(-11)?
188
Let c(v) = -v**3 - 107*v**2 + 221*v + 321. Calculate c(-109).
-6
Let b(c) = -c**2 + 84*c - 1140. Give b(21).
183
Let k(f) = f**3 + 42*f**2 + 118*f + 100. What is k(-39)?
61
Let j(n) = -50*n - 522. What is j(-13)?
128
Let h(c) = -c**3 - 19*c**2 - c - 153. Give h(-19).
-134
Let k(q) = -3*q**2 - 45*q + 232. Calculate k(6).
-146
Let n(h) = 95*h - 395. Calculate n(9).
460
Let q(t) = 28*t + 230. Calculate q(-9).
-22
Let v(a) = 13*a + 715. Give v(-52).
39
Let x(t) = -8*t**3 + 1552*t**2 - 3*t + 585. Determine x(194).
3
Let v(b) = -b**2 - 33*b - 40. What is v(-5)?
100
Let x(p) = p**3 + 82*p**2 + 2*p + 334. Determine x(-82).
170
Let g(d) = 2*d**2 - 31*d - 299. Give g(-9).
142
Let y(q) = -132*q - 1114. Determine y(-8).
-58
Let i(a) = -29*a**2 + 153*a + 446. Calculate i(-3).
-274
Let s(r) = 3014*r - 3009. Give s(1).
5
Let z(h) = -2*h**3 + 28*h**2 + 111*h - 1544. Determine z(14).
10
Let w(q) = 270*q - 18890. Determine w(70).
10
Let l(v) = -4*v**3 - 76*v**2 - 12*v - 235. Determine l(-19).
-7
Let r(f) = f**3 + 18*f**2 + 32*f + 24. Determine r(-14).
360
Let d(i) = i**3 - 8*i**2 + 19*i - 10. What is d(6)?
32
Let r(j) = -j**3 - 28*j**2 - 195*j - 34. Determine r(-11).
54
Let x(k) = k**3 - 38*k**2 + 40*k - 86. Determine x(37).
25
Let f(d) = d**2 + 203*d - 2357. What is f(11)?
-3
Let h(u) = 2*u**2 + 60*u + 225. Give h(-26).
17
Let o(y) = 44931*y + 179717. Give o(-4).
-7
Let t(j) = -j**3 + 6*j**2 + 8*j + 27. Calculate t(8).
-37
Let k(j) = j**3 - 51*j**2 + 78*j - 1419. Give k(50).
-19
Let s(a) = 19*a**2 - 1723*a - 540. Determine s(91).
6
Let u(f) = 3816*f + 22893. Calculate u(-6).
-3
Let s(o) = o**3 + 121*o**2 + 390*o + 18097. Calculate s(-119).
9
Let g(v) = 44*v**2 - 2*v - 5. Give g(0).
-5
Let u(x) = -4*x + 438. Calculate u(31).
314
Let v(m) = -1992*m + 6. Determine v(0).
6
Let c(k) = 22*k**2 - 232*k + 119. Determine c(10).
-1
Let s(v) = 11*v + 286. Give s(-30).
-44
Let f(n) = -4*n**3 + 8*n**2 + n + 2. Give f(2).
4
Let z(o) = o**3 - 10*o**2 - 149*o + 1332. Determine z(8).
12
Let q(y) = -6*y + 32. Determine q(6).
-4
Let n(a) = 22*a - 833. Give n(38).
3
Let s(t) = -7*t - 176. Give s(-43).
125
Let v(n) = -64*n - 2792. What is v(-44)?
24
Let j(n) = n**3 - 180*n**2 + 22*n - 3943. Determine j(180).
17
Let x(b) = 5*b**2 + 23*b + 55. Determine x(-4).
43
Let t(a) = 7*a - 244. What is t(32)?
-20
Let w(x) = -2070*x + 14569. What is w(7)?
79
Let p(k) = -k**3 + 24*k - 24. Determine p(-9).
489
Let y(b) = 13*b**3 + 222*b**2 + 29*b + 205. What is y(-17)?
1
Let w(d) = -d**2 - 27*d + 27. Calculate w(-18).
189
Let t(d) = 2*d**3 - 8*d**2 - 43*d + 24. Determine t(0).
24
Let l(m) = -m**3 - 11*m**2 - 30*m - 40. Calculate l(-8).
8
Let w(q) = -35*q**2 - 920*q - 918. Calculate w(-1).
-33
Let r(q) = q**2 + 10*q + 44. Calculate r(-7).
23
Let k(j) = 69*j + 10360. What is k(-150)?
10
Let z(p) = 258*p**2 - 1286*p + 3. Calculate z(5).
23
Let k(c) = -7*c**3 - 97*c**2 - 4*c + 47. What is k(-14)?
299
Let w(v) = -v**2 - 84*v - 1104. Determine w(-17).
35
Let q(s) = 192*s + 46. Determine q(1).
238
Let n(d) = -d**3 + d**2 + 4*d - 42. What is n(0)?
-42
Let d(v) = -2*v**2 + 30*v + 363. Calculate d(23).
-5
Let j(g) = g**2 - 7*g + 25. Determine j(4).
13
Let r(d) = -d**3 + 23*d**2 - 20*d - 1255. What is r(18)?
5
Let p(g) = g**2 - 38*g - 265. What is p(-7)?
50
Let v(u) = 2*u**3 + 279*u**2 + 131*u - 1103. Calculate v(-139).
9
Let m(o) = -o**2 + 31*o - 426. Calculate m(24).
-258
Let f(d) = -3*d**2 + 202*d + 5. What is f(68)?
-131
Let n(k) = -3*k**2 - 14*k + 17. Give n(-6).
-7
Let w(l) = -14*l**2 - 3897*l - 1398. Determine w(-278).
-8
Let o(n) = 11*n**3 + 56*n**2 + 59*n + 4. What is o(-1)?
-10
Let w(o) = 36*o**2 + 288*o + 13. What is w(-8)?
13
Let k(x) = x**3 + 34*x**2 - 122*x - 1786. Calculate k(-36).
14
Let n(w) = 1025*w - 9227. Give n(9).
-2
Let h(n) = -n**3 + 47*n**2 - 501*n - 586. Calculate h(29).
23
Let n(h) = 3*h**3 + 107*h**2 + 69*h - 23. Give n(-35).
12
Let m(d) = -802*d + 4034. Determine m(5).
24
Let u(p) = p**3 - 26*p**2 + 169*p - 49. What is u(17)?
223
Let j(x) = 11023*x + 132272. Determine j(-12).
-4
Let i(y) = 2*y**2 - 22*y + 40. Give i(7).
-16
Let d(n) = -n**2 + 101*n + 3119. What is d(-25)?
-31
Let m(a) = 7*a - 419. Give m(55).
-34
Let g(m) = -90*m - 588. Determine g(-6).
-48
Let u(r) = -60*r**2 + 597*r + 62. Determine u(10).
32
Let i(a) = -493*a + 381. Give i(1).
-112
Let r(g) = 33*g**2 + 27*g - 34. Calculate r(1).
26
Let g(w) = 16*w**2 - 12*w + 22. Calculate g(2).
62
Let i(y) = y**3 + 103*y**2 - 223*y - 1374. Calculate i(-105).
-9
Let i(l) = 2*l**3 - 34*l**2 - 91*l + 290. Give i(19).
5
Let t(x) = -x**3 - x**2 + 8*x - 4. Calculate t(-3).
-10
Let g(s) = s + 53. What is g(-4)?
49
Let r(v) = -v**3 + 81*v**2 - 168*v + 717. Calculate r(79).
-73
Let x(i) = -i**2 + 36*i - 190. Determine x(32).
-62
Let b(n) = 16*n - 974. Determine b(60).
-14
Let z(f) = 2*f**3 + 9*f**2 + 11*f + 35. Give z(-3).
29
Let o(t) = -2*t**2 + 50*t - 7. What is o(16)?
281
Let o(y) = -4*y**3 - 4*y**2 - y - 3. Give o(2).
-53
Let b(r) = -20*r**2 - 305*r - 25. Determine b(-12).
755
Let y(r) = -2*r**3 - 12*r**2 + 83*r + 487. What is y(-7)?
4
Let j(z) = 12*z - 14. Determine j(-7).
-98
Let j(p) = 4*p**2 - 3*p - 1010. Give j(16).
-34
Let r(f) = 12*f**2 - 204*f + 1038. What is r(5)?
318
Let r(u) = u**2 - 4*u - 5. What is r(2)?
-9
Let w(y) = -27*y + 147. Determine w(8).
-69
Let d(b) = -210*b - 3136. Determine d(-15).
14
Let s(i) = -3*i**2 + 33*i + 83. What is s(-9)?
-457
Let f(x) = 9*x + 360. Give f(-40).
0
Let j(r) = 10*r**2 - 430*r + 17. Give j(43).
17
Let i(u) = -3*u**3 - 157*u**2 - 56*u + 12. What is i(-52)?
220
Let g(r) = -204*r - 1114. Give g(-6).
110
Let i(t) = 7*t**2 - 7*t - 2. What is i(1)?
-2
Let t(m) = 2*m**2 - 18*m - 102. Give t(14).
38
Let f(i) = -i**3 + 2*i**2 - 361*i + 726. What is f(2)?
4
Let k(b) = -18*b**2 - 24*b - 18. Determine k(-1).
-12
Let j(q) = -5*q**2 - 19*q + 4760. Give j(29).
4
Let b(p) = 6*p. Give b(10).
60
Let u(f) = -f**3 - 17*f**2 - f - 72. What is u(-17)?
-55
Let w(i) = -247*i - 2049. Give w(-11).
668
Let s(j) = 16683*j - 16666. What is s(1)?
17
Let a(k) = 21*k + 148. Determine a(-16).
-188
Let h(n) = n**3 - 9*n**2 - 23*n + 158. Calculate h(10).
28
Let f(o) = -191*o + 1116. What is f(6)?
-30
Let b(u) = -244*u**3 + u**2 + 3*u - 4. Give b(1).
-244
Let c(o) = 24*o - 165. Determine c(21).
339
Let d(c) = 392*c - 1386. Determine d(3).
-210
Let d(n) = 17*n - 20. Determine d(3).
31
Let p(n) = n**2 - 32*n + 183. Calculate p(11).
-48
Let r(y) = 20*y + 706. Calculate r(-38).
-54
Let a(r) = 3*r**2 + 94*r + 184. Determine a(-30).
64
Let a(y) = y**3 + 20*y**2 - 74*y + 516. What is a(-24)?
-12
Let o(x) = 7541*x - 7556. Determine o(1).
-15
Let o(n) = 2*n**2 + 15*n - 106. Determine o(-10).
-56
Let l(j) = 31*j - 1686. Determine l(53).
-43
Let v(b) = -24*b**2 - 5*b + 7. Determine v(-3).
-194
Let m(o) = -o**2 - 96*o - 1537. Calculate m(-81).
-322
Let v(r) = r - 102. Calculate v(161).
59
Let t(a) = a**2 + 20*a + 113. Determine t(-12).
17
Let m(p) = -6686*p - 66863. Determine m(-10).
-3
Let n(a) = -a**3 - 101*a**2 - 2340*a - 7. Give n(-65).
-7
Let d(o) = -o**2 - 46*o - 79. What is d(-40)?
161
Let x(s) = s**2 + 10*s - 33. Give x(3).
6
Let q(a) = 74*a + 500. Give q(-6).
56
Let r(u) = u**3 + 9*u**2 + u - 53. Determine r(-6).
49
Let y(n) = n**3 - 20*n**2 + 34*n + 158. Give y(17).
-131
Let c(k) = -7460*k - 134274. Give c(-18).
6
Let z(a) = a**3 - 7*a**2 + 6*a - 179. Determine z(8).
-67
Let c(l) = -137*l + 1592. Determine c(14).
-326
Let h(l) = -83*l - 779. Calculate h(-10).
51
Let b(j) = -j**3 - 72*j**2 - 206*j - 136. What is b(-69)?
-205
Let k(n) = 5*n**2 - 32*n - 157. Give k(11).
96
Let d(r) = -559*r - 1675. What is d(-3)?
2
Let h(j) = -4971*j - 24880. What is h(-5)?
-25
Let y(x) = -151*x - 1060. Determine y(-7).
-3
Let m(v) = 4*v - 59. Give m(-9).
-95
Let j(y) = y**